{"id":16,"date":"2019-06-13T14:57:26","date_gmt":"2019-06-13T12:57:26","guid":{"rendered":"https:\/\/www.jardifruits.ca\/?page_id=16"},"modified":"2019-06-15T17:09:35","modified_gmt":"2019-06-15T15:09:35","slug":"produits","status":"publish","type":"page","link":"https:\/\/www.jardifruits.ca\/?page_id=16","title":{"rendered":"Produits"},"content":{"rendered":"\n<ul class=\"wp-block-gallery columns-3 is-cropped wp-block-gallery-1 is-layout-flex wp-block-gallery-is-layout-flex\"><li class=\"blocks-gallery-item\"><figure><img loading=\"lazy\" decoding=\"async\" width=\"1024\" height=\"680\" src=\"https:\/\/www.jardifruits.ca\/wp-content\/uploads\/2019\/06\/0012-1024x680.jpg\" alt=\"\" data-id=\"56\" data-link=\"https:\/\/www.jardifruits.ca\/?attachment_id=56\" class=\"wp-image-56\" srcset=\"https:\/\/www.jardifruits.ca\/wp-content\/uploads\/2019\/06\/0012-1024x680.jpg 1024w, https:\/\/www.jardifruits.ca\/wp-content\/uploads\/2019\/06\/0012-300x199.jpg 300w, https:\/\/www.jardifruits.ca\/wp-content\/uploads\/2019\/06\/0012-768x510.jpg 768w, https:\/\/www.jardifruits.ca\/wp-content\/uploads\/2019\/06\/0012-1140x757.jpg 1140w, https:\/\/www.jardifruits.ca\/wp-content\/uploads\/2019\/06\/0012.jpg 1600w\" sizes=\"auto, (max-width: 1024px) 100vw, 1024px\" \/><\/figure><\/li><li class=\"blocks-gallery-item\"><figure><img loading=\"lazy\" decoding=\"async\" width=\"1024\" height=\"680\" src=\"https:\/\/www.jardifruits.ca\/wp-content\/uploads\/2019\/06\/0016-1024x680.jpg\" alt=\"\" data-id=\"57\" data-link=\"https:\/\/www.jardifruits.ca\/?attachment_id=57\" class=\"wp-image-57\" srcset=\"https:\/\/www.jardifruits.ca\/wp-content\/uploads\/2019\/06\/0016-1024x680.jpg 1024w, https:\/\/www.jardifruits.ca\/wp-content\/uploads\/2019\/06\/0016-300x199.jpg 300w, https:\/\/www.jardifruits.ca\/wp-content\/uploads\/2019\/06\/0016-768x510.jpg 768w, https:\/\/www.jardifruits.ca\/wp-content\/uploads\/2019\/06\/0016-1140x757.jpg 1140w, https:\/\/www.jardifruits.ca\/wp-content\/uploads\/2019\/06\/0016.jpg 1600w\" sizes=\"auto, (max-width: 1024px) 100vw, 1024px\" \/><\/figure><\/li><li class=\"blocks-gallery-item\"><figure><img loading=\"lazy\" decoding=\"async\" width=\"1024\" height=\"680\" src=\"https:\/\/www.jardifruits.ca\/wp-content\/uploads\/2019\/06\/0032-2-1024x680.jpg\" alt=\"\" data-id=\"58\" data-link=\"https:\/\/www.jardifruits.ca\/?attachment_id=58\" class=\"wp-image-58\" srcset=\"https:\/\/www.jardifruits.ca\/wp-content\/uploads\/2019\/06\/0032-2-1024x680.jpg 1024w, https:\/\/www.jardifruits.ca\/wp-content\/uploads\/2019\/06\/0032-2-300x199.jpg 300w, https:\/\/www.jardifruits.ca\/wp-content\/uploads\/2019\/06\/0032-2-768x510.jpg 768w, https:\/\/www.jardifruits.ca\/wp-content\/uploads\/2019\/06\/0032-2-1140x757.jpg 1140w, https:\/\/www.jardifruits.ca\/wp-content\/uploads\/2019\/06\/0032-2.jpg 1600w\" sizes=\"auto, (max-width: 1024px) 100vw, 1024px\" \/><\/figure><\/li><li class=\"blocks-gallery-item\"><figure><img loading=\"lazy\" decoding=\"async\" width=\"680\" height=\"1024\" src=\"https:\/\/www.jardifruits.ca\/wp-content\/uploads\/2019\/06\/0053-680x1024.jpg\" alt=\"\" data-id=\"59\" data-link=\"https:\/\/www.jardifruits.ca\/?attachment_id=59\" class=\"wp-image-59\" srcset=\"https:\/\/www.jardifruits.ca\/wp-content\/uploads\/2019\/06\/0053-680x1024.jpg 680w, https:\/\/www.jardifruits.ca\/wp-content\/uploads\/2019\/06\/0053-199x300.jpg 199w, https:\/\/www.jardifruits.ca\/wp-content\/uploads\/2019\/06\/0053-768x1157.jpg 768w, https:\/\/www.jardifruits.ca\/wp-content\/uploads\/2019\/06\/0053.jpg 1062w\" sizes=\"auto, (max-width: 680px) 100vw, 680px\" \/><\/figure><\/li><li class=\"blocks-gallery-item\"><figure><img loading=\"lazy\" decoding=\"async\" width=\"576\" height=\"432\" src=\"https:\/\/www.jardifruits.ca\/wp-content\/uploads\/2019\/06\/ail.jpg\" alt=\"\" data-id=\"60\" data-link=\"https:\/\/www.jardifruits.ca\/?attachment_id=60\" class=\"wp-image-60\" srcset=\"https:\/\/www.jardifruits.ca\/wp-content\/uploads\/2019\/06\/ail.jpg 576w, https:\/\/www.jardifruits.ca\/wp-content\/uploads\/2019\/06\/ail-300x225.jpg 300w\" sizes=\"auto, (max-width: 576px) 100vw, 576px\" \/><\/figure><\/li><li class=\"blocks-gallery-item\"><figure><img loading=\"lazy\" decoding=\"async\" width=\"432\" height=\"580\" src=\"https:\/\/www.jardifruits.ca\/wp-content\/uploads\/2019\/06\/basilic-1.jpg\" alt=\"\" data-id=\"61\" data-link=\"https:\/\/www.jardifruits.ca\/?attachment_id=61\" class=\"wp-image-61\" srcset=\"https:\/\/www.jardifruits.ca\/wp-content\/uploads\/2019\/06\/basilic-1.jpg 432w, https:\/\/www.jardifruits.ca\/wp-content\/uploads\/2019\/06\/basilic-1-223x300.jpg 223w\" sizes=\"auto, (max-width: 432px) 100vw, 432px\" \/><\/figure><\/li><\/ul>\n\n\n\n<p>Nous sommes fiers de pouvoir offrir \u00e0 notre client\u00e8le des produits au go\u00fbt incomparable. Quand vient le temps de choisir nos semences, nous optons toujours pour des vari\u00e9t\u00e9s anciennes, afin de pr\u00e9server la diversit\u00e9 agricole. <\/p>\n\n\n\n<p>En ad\u00e9quation avec les principes de la biodynamie, nos semis sont r\u00e9alis\u00e9s en fonction des cycles lunaires et aucun produit chimique de synth\u00e8se n\u2019est ajout\u00e9 pour en acc\u00e9l\u00e9rer la production. Tout se fait dans le respect de la nature et des saisons. Il en va de m\u00eame pour les insectes nuisibles qui sont \u00e9limin\u00e9s par des insectes pr\u00e9dateurs, selon les lois de la nature. <\/p>\n\n\n\n<h2 class=\"wp-block-heading\">L\u00e9gumes<\/h2>\n\n\n\n<ul class=\"wp-block-list\"><li>Laitue (mesclun, romaine, boston, etc.)<\/li><li>Roquette<\/li><li>\u00c9pinards<\/li><li>Radis<\/li><li>Bette \u00e0 carde<\/li><li>Pois (mange-tout, \u00e0 \u00e9cosser)<\/li><li>Haricots (jaunes, verts, grimpants, filet)<\/li><li>Concombres (anglais, picolino)<\/li><li>Tomates (plus de 25 vari\u00e9t\u00e9s dont Heirloom, cerises, etc.)<\/li><li>Poivrons (de toutes les couleurs)<\/li><li>Fenouil<\/li><li>Rabioles<\/li><li>Aubergines<\/li><li>Courgettes (jaune, zuchinni)<\/li><li>Oignions<\/li><li>\u00c9chalotes<\/li><li>Ail<\/li><li>Choux (d&#8217;\u00e9t\u00e9, d&#8217;hiver, rouge, de Savoie, etc.)<\/li><li>Carottes (nantaises, doigts, arc-en-ciel)<\/li><li>Pommes de terre (rouge, blanche, Yukon gold)<\/li><\/ul>\n\n\n\n<h2 class=\"wp-block-heading\">Fruits<\/h2>\n\n\n\n<ul class=\"wp-block-list\"><li>Rhubarbe<\/li><li>Fraises<\/li><li>Framboises<\/li><li>Bleuets<\/li><li>Cerises de terre<\/li><\/ul>\n\n\n\n<h2 class=\"wp-block-heading\">Autres<\/h2>\n\n\n\n<ul class=\"wp-block-list\"><li>Plants potagers (en d\u00e9but de saison)<\/li><li>Sirop d&#8217;\u00e9rable<\/li><li>Sirop de bouleau<\/li><li>\u0152ufs<\/li><\/ul>\n\n\n\n<p><em>La disponibilit\u00e9 des produits varie au fil de la saison. Pour \u00eatre inform\u00e9 des produits en vente au kiosque chaque mois, <\/em><a rel=\"noreferrer noopener\" href=\"http:\/\/eepurl.com\/guJ2Ob\" target=\"_blank\"><em>inscrivez-vous \u00e0 notre infolettre<\/em><\/a><em>!<\/em><\/p>\n","protected":false},"excerpt":{"rendered":"<p>Nous sommes fiers de pouvoir offrir \u00e0 notre client\u00e8le des produits au go\u00fbt incomparable. Quand vient le temps de choisir nos semences, nous optons toujours pour des vari\u00e9t\u00e9s anciennes, afin de pr\u00e9server la diversit\u00e9 agricole. En ad\u00e9quation avec les principes de la biodynamie, nos semis sont r\u00e9alis\u00e9s en fonction des cycles lunaires et aucun produit chimique de synth\u00e8se n\u2019est ajout\u00e9 pour en acc\u00e9l\u00e9rer la production. Tout se fait dans le respect de la nature et des saisons. Il en va de m\u00eame pour les insectes nuisibles qui sont \u00e9limin\u00e9s par des insectes pr\u00e9dateurs, selon les lois de la nature. L\u00e9gumes Laitue (mesclun, romaine, boston, etc.) Roquette \u00c9pinards Radis Bette \u00e0 carde Pois (mange-tout, \u00e0 \u00e9cosser) Haricots (jaunes, verts, grimpants, filet) Concombres (anglais, picolino) Tomates (plus de 25 vari\u00e9t\u00e9s dont Heirloom, cerises, etc.) Poivrons (de toutes les couleurs) Fenouil Rabioles Aubergines Courgettes (jaune, zuchinni) Oignions \u00c9chalotes Ail Choux (d&#8217;\u00e9t\u00e9, d&#8217;hiver, rouge, de Savoie, etc.) Carottes (nantaises, doigts, arc-en-ciel) Pommes de terre (rouge, blanche, Yukon gold) Fruits Rhubarbe Fraises Framboises Bleuets Cerises de terre Autres Plants potagers (en d\u00e9but de saison) Sirop d&#8217;\u00e9rable Sirop de bouleau \u0152ufs La disponibilit\u00e9 des produits varie au fil de la saison. Pour \u00eatre inform\u00e9 des produits en vente au kiosque chaque mois, inscrivez-vous \u00e0 notre infolettre!<\/p>\n","protected":false},"author":1,"featured_media":0,"parent":0,"menu_order":0,"comment_status":"closed","ping_status":"closed","template":"","meta":{"footnotes":""},"class_list":["post-16","page","type-page","status-publish","hentry"],"_links":{"self":[{"href":"https:\/\/www.jardifruits.ca\/index.php?rest_route=\/wp\/v2\/pages\/16","targetHints":{"allow":["GET"]}}],"collection":[{"href":"https:\/\/www.jardifruits.ca\/index.php?rest_route=\/wp\/v2\/pages"}],"about":[{"href":"https:\/\/www.jardifruits.ca\/index.php?rest_route=\/wp\/v2\/types\/page"}],"author":[{"embeddable":true,"href":"https:\/\/www.jardifruits.ca\/index.php?rest_route=\/wp\/v2\/users\/1"}],"replies":[{"embeddable":true,"href":"https:\/\/www.jardifruits.ca\/index.php?rest_route=%2Fwp%2Fv2%2Fcomments&post=16"}],"version-history":[{"count":10,"href":"https:\/\/www.jardifruits.ca\/index.php?rest_route=\/wp\/v2\/pages\/16\/revisions"}],"predecessor-version":[{"id":88,"href":"https:\/\/www.jardifruits.ca\/index.php?rest_route=\/wp\/v2\/pages\/16\/revisions\/88"}],"wp:attachment":[{"href":"https:\/\/www.jardifruits.ca\/index.php?rest_route=%2Fwp%2Fv2%2Fmedia&parent=16"}],"curies":[{"name":"wp","href":"https:\/\/api.w.org\/{rel}","templated":true}]}}